 + s. Let n = 380 - 394. Calculate g(n).
1
Let q(l) be the first derivative of -19*l**3/3 + l - 60. Determine q(-1).
-18
Let j(q) = 11*q + 16. Let k(c) = 17*c + 24. Let l(o) = 8*j(o) - 5*k(o). Calculate l(9).
35
Suppose 2*p = 3*q + 2, 2*p + 5*q - 25 = -7. Let j(d) = -6*d + 2. Let n be j(-5). Suppose p*k + 0 = -n. Let w(i) = -i**2 - 7*i + 6. Determine w(k).
-2
Let v(a) = a**3 + 11*a**2 + 7. Let y(p) = -3*p**3 - 34*p**2 - 19. Let c(w) = -7*v(w) - 2*y(w). Calculate c(-9).
-11
Let x be (-72)/(-16) + (-1)/2. Let g(o) = x + o - 10 - 3. Determine g(0).
-9
Let h(a) be the first derivative of a**4/4 + a**3/3 - a**2/2 - 5*a + 1. Let s be h(0). Let q(i) be the third derivative of -i**4/24 + 14*i**2. Calculate q(s).
5
Let k(p) = -6*p + 3*p - p - 3*p - p**2 - 6 + 13. Suppose 2*r = 3*o - 0*o + 1, -5*o = -r + 18. Determine k(r).
7
Suppose -r = -7*s + 8*s, 5*r = 3*s - 32. Suppose -1 = -k - 7*a + 6*a, -s*a - 14 = -2*k. Let z(f) = -f**3 + 3*f**2 + 2*f + 3. Calculate z(k).
9
Let m(w) = -w**3 + 195 - w**2 + 6*w**2 - 104 - 94 + 2*w. Suppose -3*h = -6*h + 15. What is m(h)?
7
Let h = 0 - -3. Let d(l) = -l - 6. Let s(j) be the first derivative of -2*j**2 - 25*j + 7. Let c(v) = -9*d(v) + 2*s(v). Determine c(h).
7
Let c(m) = 3*m + 2. Let p(q) = -16*q - 11. Let f(w) = -22*c(w) - 4*p(w). Determine f(-6).
12
Let w(u) = 2*u + 10. Let k = 30 - 21. Suppose 40 = -k*m - 23. Determine w(m).
-4
Let l(v) = v**3 - v**2 + 3*v + 4. Let n be l(0). Let k(r) = -r**3 + 2*r**2 + 4*r + 4. Determine k(n).
-12
Let d(z) = 2*z**3 - 2*z**2 + 2*z + 2. Let m(a) = 13*a**3 - 17*a**2 + 16*a + 17. Let s(w) = -6*d(w) + m(w). Calculate s(4).
5
Let l = -28 + 32. Let w(r) = -4 + 3 - l + 3 - r. Give w(0).
-2
Let y(m) = -m**2 - 18*m - 42. Let d be y(-16). Let p(s) = -s - 12. What is p(d)?
-2
Let f(k) = -k**2 + k + 2. Let j(r) = -2*r - 24. Let q be j(-13). Determine f(q).
0
Let n = -65 + 66. Let y be 3*2 - (6 - 6) - n. Let t(j) = j**3 - 5*j**2 - 3*j + 7. What is t(y)?
-8
Let t(p) = 6*p - 7. Let c(a) = -7*a + 8. Let s = 78 - 73. Let n(h) = s*c(h) + 6*t(h). Calculate n(3).
1
Let x(m) = m + 9. Let n be 21/(-3) - 5/1. Give x(n).
-3
Let x(m) = m - 1. Let b(n) = -n**2 - 12*n - 4. Let h(c) = c**2 + c + 3. Let p be h(-2). Let g(a) = p*x(a) + b(a). Give g(-6).
-3
Let t = 505 + -506. Let v(x) = -2*x - 1. Give v(t).
1
Let s(q) = q**3 + 6*q**2 + 5*q + 5. Let i(o) = 0*o**3 - 4*o**2 + 28*o**2 - o**3 + 19 + 5*o**3 + 21*o. Let b(k) = -2*i(k) + 9*s(k). What is b(-5)?
17
Let n(j) = 19*j - 12. Let p(h) = 18*h - 10. Let d(f) = 5*n(f) - 6*p(f). Calculate d(-2).
26
Let p(n) = n**3 - 20*n**2 + 19*n + 4. Suppose -6*b = -109 - 5. Give p(b).
4
Let a be (16/(-12))/((-8)/12). Suppose -4*x - 1 = -4*d + 3, 4*x - 3*d = -a. Let h(v) = 4*v. What is h(x)?
4
Let m be 15*((-8)/(-12))/((-10)/6). Let f(l) = 8*l**2 - l + 6. Let u(c) = 15*c**2 - 2*c + 11. Let n(g) = m*u(g) + 11*f(g). Calculate n(-2).
-10
Let i(k) be the third derivative of k**4/8 - k**3/6 - 78*k**2. Determine i(1).
2
Let x be (-56)/(-40)*(-5)/5*5. Let y(o) = -o**2 - 12*o + 5. Determine y(x).
40
Let v = 9 + -7. Let c(z) = 3*z - 1. Let o be c(v). Let f = o - 1. Let t(j) = j**3 - 3*j**2 - 3*j + 5. What is t(f)?
9
Let v(z) = z**3 + 7*z**2 + 9*z + 5. Suppose 24*w - 13*w = -66. Calculate v(w).
-13
Let o(k) = 13*k**3 - 18*k**3 - 5*k - 3 + 5 + 6*k**3 + 4*k**2. Suppose 0 = 4*t + q - 0*q + 21, 10 = -3*t + 5*q. Determine o(t).
2
Let a(q) = -q**2 - 8*q + 4. Let o(v) = -v**2 - 6*v - 10. Let s be o(-5). Let j be (-8)/s*(1 - 6). What is a(j)?
4
Suppose 0 = -s - 4 + 1. Let z be (-16)/(-2) - (-4 - s). Suppose -h + 2*o - 3 = 0, h - 4*o + z = -0*h. Let n(a) = a**3 - 3*a**2 + 3. Determine n(h).
3
Let g be 1/(-4) - 22/8. Let u(f) be the second derivative of -f**4/12 - 2*f**3/3 - f**2/2 - 53*f. Give u(g).
2
Let j = 466 + -464. Suppose 3*m = -4*a + 6 - 1, 2*m + 2 = 0. Let o(s) = j*s**2 - 3*s**a + 4*s**2 + 3 + 6*s - 2*s**2. Give o(-5).
-2
Let k(f) = 36*f + 573. Let o be k(-16). Let w(r) = 2 + 0*r + 2 + 6*r. Determine w(o).
-14
Let n(l) = -l**3 + l + 1. Let r(x) = 4*x**3 + 4*x**2 - 5*x - 4. Let z(i) = 5*n(i) + r(i). Suppose -15 = -4*h - 3. Give z(h).
10
Let c(y) = -64*y + 9. Let j(a) = 35*a - 5. Let s(z) = 4*c(z) + 7*j(z). Let w = -8 - -12. Let u = -3 + w. Calculate s(u).
-10
Let f(x) = -11*x + 11. Let c(i) = -16*i + 10. Let y(z) = 2*c(z) - 3*f(z). Determine y(9).
-4
Let n(r) = -r**2 + 14*r + 67. Let q be n(-4). Let d(b) = -b**2 + 6. Calculate d(q).
-19
Suppose 5*d - 160 = 3*f - 129, 4*d - 20 = 0. Let v(u) be the second derivative of -u**2 - 2*u + 1/2*u**3 + 0. Give v(f).
-8
Let v(l) be the third derivative of l**5/12 - l**4/24 + l**3/3 - 2*l**2 + 2*l. Give v(-2).
24
Let f(a) = -a**2 - 3*a + 15. Let q be (-14)/(-4)*11/((-308)/(-48)). Calculate f(q).
-39
Let a = 16 + -10. Let h = 446 + -444. Suppose -a + h = 4*s. Let y(t) = -5*t**2 - t. Determine y(s).
-4
Let x(f) = 6*f**2 + 2*f - 5. Let y(q) = 5*q**2 + q - 5. Suppose -5*k + 3*m + 37 - 11 = 0, -2*k - 1 = -5*m. Let l(c) = k*y(c) - 6*x(c). Give l(-5).
-5
Let v(z) = 25*z + 19. Let s(g) = 8*g + 2. Let q(d) = 3*s(d) - v(d). Give q(3).
-16
Let f(b) = -b**3 - b. Let d(n) = 11*n**3 - 17*n**2 - 3*n. Let r(o) = 5*o**3 - 8*o**2 - o. Let j(x) = -3*d(x) + 7*r(x). Let q(z) = f(z) + j(z). Determine q(5).
5
Let i(q) = 2 - q**3 + 11*q - 4*q**2 - 12*q - 2*q**3 + 4*q**3. Calculate i(2).
-8
Suppose -25 = 5*g, 3*t = t - 3*g - 23. Let s(h) = -h**2 - 7*h - 8. Let y be s(t). Suppose y*u = -u + 20. Let x(l) = -l**3 + 5*l**2 - l - 3. Calculate x(u).
9
Let p(j) = -10*j - 17. Let k(y) = -6*y - 11. Let a(g) = -8*k(g) + 5*p(g). Give a(7).
-11
Suppose -5*y + 9*y - 4 = 0. Let t = -1 - y. Let k(s) = -2*s**3 + 14*s - s**3 + 2*s**3 + 1 - 12*s. What is k(t)?
5
Let s(w) = 7*w. Let h(z) = 6*z. Suppose -6 = -j + 3*v, 5*v + 0*v + 10 = 3*j. Suppose j = c + 5 - 0. Let a(q) = c*s(q) + 6*h(q). Give a(-5).
-5
Let l(i) be the third derivative of i**5/30 + i**4/6 + i**3/3 + 497*i**2. Suppose -13 = 3*o - 4. Calculate l(o).
8
Let j(k) = k + 43. Let a be (4 + (-5 - -1))/2. What is j(a)?
43
Let q(s) = s + 14. Let b be q(-15). Let j be 2 + (3 + -2)/b. Let z(y) = -2 + 0 + 5 + y - j. Calculate z(4).
6
Let l(f) = -2. Let t(v) = 3*v - 21. Let y(m) = 2*l(m) + t(m). Give y(6).
-7
Let c(t) = -3*t**2 - t. Let v = 32 - 16. Let n = 33 - 18. Let i = v - n. What is c(i)?
-4
Suppose -5*z - 7 = o + 5, 5*o - 3*z + 32 = 0. Let f(s) = -s - 3. Let v be f(o). Let m(b) = -2*b + 6. Calculate m(v).
-2
Let n(p) = -p - 3. Let i be n(-7). Suppose 0 = -4*g + i + 4. Let c(v) = v**3 + 2 + 539*v - 266*v - 275*v. Determine c(g).
6
Suppose -317*r + 129 = -316*r. Let h = r - 125. Let j(q) = q**3 - 5*q**2 + 5*q - 2. What is j(h)?
2
Suppose -14*a = -1 + 1. Let z(m) = -4*m + a*m**2 - m + 2*m - m**3 + 6*m**2. Determine z(3).
18
Suppose 4*g - 4 + 0 = 0. Suppose 5 - g = 2*m. Let u(z) = z**2 + z - 2. Calculate u(m).
4
Let u be 9 + (-8)/(1 + 3). Let o(t) = 0*t + u + t - 3 - 4*t. Let k(c) = -c + 9. Let j be k(6). What is o(j)?
-5
Let n = 251 - 268. Let k(u) = -u**2 - 17*u - 5. What is k(n)?
-5
Suppose 0 = -r + 4*s + 9, 4*r + 2*s - 15 = -3*s. Let k(q) = 0*q**2 + 2*q + q**3 + 7 - 4*q - 5*q**2. Determine k(r).
-3
Suppose 0 = -5*h - 3*l + 17, -2*h = 2*h + l - 15. Suppose -h*y - 6 = -6*y. Let v be 3 - (0/(-2) - y). Let t(r) = r**3 - 7*r**2 + 6*r + 3. Determine t(v).
3
Suppose 5*v - 4 = -2*t - 1, -23 = -5*t + 3*v. Let w(r) = 6*r**2 + 11*r + 19. Let f(a) = 5*a**2 + 11*a + 18. Let i(k) = t*w(k) - 5*f(k). Determine i(-10).
-4
Let d(z) = -z**3 - 4*z**2 + 3*z + 4. Suppose 5*v - 4*p + 27 = 0, -3*p + 3 = -6. Let q be (-12)/(-2) + v - 54. Let o be 2/(-6) - (-238)/q. Calculate d(o).
14
Let r(l) = -4*l + 4. Let x be ((-1)/((-4)/(-10)))/(125/250). Calculate r(x).
24
Let z(n) be the second derivative of -15*n - 1/3*n**3 - 1/3*n**4 + 1/20*n**5 + 3*n**2 + 0. What is z(4)?
-2
Suppose 29*t + 603 = 313. Let u(x) = -x. Calculate u(t).
10
Let r(g) = -g + 3. Let b = -1229 - -1229. Give r(b).
3
Let l(w) = 2*w**2 - 1383*w**3 + 1384*w**3 - 4 + 3. Calculate l(-3).
-10
Let f(t) = -4*t + 28. Suppose 21*m - 128 = 5*m. Determine f(m).
-4
Suppose 7*t - 3*t = 20. Let y(u) be the third derivative of u**6/120 - u**5/12 - u**4/24 - 3*u**2. Determine y(t).
-5
Let v = -26 - -51. Let j = -23 + v. Let s(n) = 6 + 7*n - j - 3 - 2. Determine s(1).
6
Let k(v) = -v. Suppose -5*m + 16 = -